{"id":3128,"date":"2016-03-02T10:10:09","date_gmt":"2016-03-02T09:10:09","guid":{"rendered":"http:\/\/internacional.umh.es\/?page_id=3128"},"modified":"2026-03-31T14:57:43","modified_gmt":"2026-03-31T12:57:43","slug":"aiefi-internacionalizacion-de-centros","status":"publish","type":"page","link":"https:\/\/internacional.umh.es\/ca\/internacionalizacion\/aiefi-internacionalizacion-de-centros\/","title":{"rendered":"AIEFI-Internacionalitzaci\u00f3 de centres"},"content":{"rendered":"<p><\/p>\n<p style=\"text-align: justify\">L&#8217;objectiu de la <strong>Convocat\u00f2ria d&#8217;Ajudes per a la Internacionalitzaci\u00f3 d&#8217;escoles, facultats i instituts d&#8217;investigaci\u00f3 (AIEFI) <\/strong>\u00e9s contribuir a millorar la projecci\u00f3 internacional de la Universitat Miguel Hern\u00e1ndez d&#8217;Elx, afavorint la planificaci\u00f3 estrat\u00e8gica de la internacionalitzaci\u00f3 de les activitats de formaci\u00f3 dels centres (facultats, escoles i instituts d&#8217;investigaci\u00f3) de manera coordinada, a trav\u00e9s d&#8217;accions que promoguen i incrementen:<\/p>\n<ul style=\"text-align: justify\">\n<li>Mobilitat acad\u00e8mica de professors i estudiants i la formaci\u00f3 del personal d&#8217;administraci\u00f3 i serveis que permeta aconseguir alts nivells de competitivitat en el panorama internacional.<\/li>\n<li>Atracci\u00f3 d&#8217;estudiants i professors estrangers cap als t\u00edtols actualment impartits per la UMH.<\/li>\n<li>Visibilitat i projecci\u00f3 internacional de la UMH.<\/li>\n<li>Pres\u00e8ncia de la UMH en xarxes internacionals d&#8217;\u00e0mbit acad\u00e8mic.<\/li>\n<li>Establiment d&#8217;una oferta acad\u00e8mica a nivell internacional.<\/li>\n<\/ul>\n<hr>\n<h4><strong>Convocat\u00f2ria 2023<\/strong><\/h4>\n<p style=\"text-align: justify\"><span style=\"color: #ff0000\"><strong>(06\/02\/2023):<\/strong><\/span> El <a href=\"https:\/\/www.umh.es\/contenido\/Universidad\/:uor_1798\/datos_val.html\" rel=\"noopener\" target=\"_blank\" TITLE=\"Ho veur\u00e0s en una nova finestra\">Vicerectorat d&#8217;Internacionalitzaci\u00f3 i Cooperaci\u00f3 de la Universitat Miguel Hern\u00e1ndez (UMH) d&#8217;Elx<\/a> ha publicat la convocat\u00f2ria per a participar en el programa d&#8217;Ajudes <strong> per a la Internacionalitzaci\u00f3 de les Escoles, Facultats i Instituts d&#8217;Investigaci\u00f3 de la UMH (AIEFI 2023).<\/strong><\/p>\n<p><strong>Pots consultar les bases de la convocat\u00f2ria en el seg\u00fcent enlla\u00e7:<\/strong><\/p>\n<ul>\n<li><a title=\"Ho veur\u00e0s en una nova finestra\" href=\"https:\/\/internacional.umh.es\/files\/2023\/02\/RR_00210_2023.pdf\" target=\"_blank\" rel=\"noopener\">Convocat\u00f2ria AIEFI 2023 (526Kb .pdf)<\/a><\/li>\n<\/ul>\n<p>La data l\u00edmit per a entregar les vostres propostes <strong>\u00e9s el 13 de febrer 2023 (incl\u00f2s).<\/strong><\/p>\n<p><strong>Annexos a la convocat\u00f2ria:<\/strong><\/p>\n<ul>\n<li><a title=\"Ho veur\u00e0s en una nova finestra\" href=\"https:\/\/internacional.umh.es\/files\/2023\/02\/Convocatoria-AIEFI-2023_Anexo-II.docx\" target=\"_blank\" rel=\"noopener\">ANNEX-II-Sol\u00b7licitud (333Kb Castell\u00e0 .docx)<\/a><\/li>\n<li><a title=\"Ho veur\u00e0s en una nova finestra\" href=\"https:\/\/internacional.umh.es\/files\/2023\/02\/Convocatoria-AIEFI-2023_Anexo-III.docx\" target=\"_blank\" rel=\"noopener\">ANNEX III-Mem\u00f2ria (332Kb Castell\u00e0 .docx)<\/a><\/li>\n<li><a title=\"Ho veur\u00e0s en una nova finestra\" href=\"https:\/\/internacional.umh.es\/files\/2023\/02\/Convocatoria-AIEFI-2023_Anexo-IV.docx\" target=\"_blank\" rel=\"noopener\">ANNEX IV-Informe Final (332Kb Castell\u00e0 .docx)<\/a><\/li>\n<li><a title=\"Ho veur\u00e0s en una nova finestra\" href=\"https:\/\/internacional.umh.es\/files\/2023\/02\/Anexo-IV-a-JUSTIFICACIO\u0301N-GASTOS-AIEFI.xlsx\" target=\"_blank\" rel=\"noopener\">ANNEX IV- a. Justificaci\u00f3 de despeses (28Kb Castell\u00e0 .xlsx)<\/a><\/li>\n<li><a title=\"Ho veur\u00e0s en una nova finestra\" href=\"https:\/\/internacional.umh.es\/files\/2023\/02\/Anexo-IV-b-EJECUCION-AIEFI.xlsx\" target=\"_blank\" rel=\"noopener\">ANNEX IV-b. Execuci\u00f3 AIEFI (25Kb Castell\u00e0 .xlxs)<\/a><\/li>\n<li><a title=\"Ho veur\u00e0s en una nova finestra\" href=\"https:\/\/internacional.umh.es\/files\/2023\/02\/Convocatoria-AIEFI-2023_Anexo-V.docx\" target=\"_blank\" rel=\"noopener\">ANNEX V-Certificat d&#8217;estada (332Kb Castell\u00e0 .docx)<\/a><\/li>\n<\/ul>\n<hr>\n<h4><strong>Convocat\u00f2ries anteriors<\/strong><\/h4>\n<ul>\n<li><a title=\"Accedeix ara a la convocat\u00f2ria AEIFI 2022\" href=\"https:\/\/internacional.umh.es\/ca\/internacionalizacion\/aiefi-internacionalizacion-de-centros\/convocatoria-aiefi-2022\/\"><strong>Convocat\u00f2ria AIEFI 2022<\/strong><\/a><\/li>\n<li><a title=\"Accedeix ara a les convocat\u00f2ries anteriors AEIFI a l'any 2022\" href=\"https:\/\/internacional.umh.es\/ca\/internacionalizacion\/aiefi-internacionalizacion-de-centros\/convocatorias-anteriores\/\"><strong>Convocat\u00f2ries AIEFI anteriors<\/strong><\/a><\/li>\n<\/ul>\n<p>&nbsp;<\/p>","protected":false},"excerpt":{"rendered":"<p>L&#8217;objectiu de la Convocat\u00f2ria d&#8217;Ajudes per a la Internacionalitzaci\u00f3 d&#8217;escoles, facultats i instituts d&#8217;investigaci\u00f3 (AIEFI) \u00e9s contribuir a millorar la projecci\u00f3 internacional de la Universitat Miguel Hern\u00e1ndez d&#8217;Elx, afavorint la planificaci\u00f3 estrat\u00e8gica de la internacionalitzaci\u00f3 de les activitats de formaci\u00f3 dels centres (facultats, escoles i instituts d&#8217;investigaci\u00f3) de manera coordinada, a trav\u00e9s d&#8217;accions que promoguen [&#8230;]<\/p>\n","protected":false},"author":5216,"featured_media":0,"parent":2740,"menu_order":1,"comment_status":"closed","ping_status":"closed","template":"","meta":{"ngg_post_thumbnail":0,"_links_to":"","_links_to_target":""},"yoast_head":"<!-- This site is optimized with the Yoast SEO plugin v17.5 - https:\/\/yoast.com\/wordpress\/plugins\/seo\/ -->\n<meta name=\"description\" content=\"Las ayudas para Internacionalizaci\u00f3n de escuelas, facultades, institutos de investigaci\u00f3n (AIEFI) mejora la proyecci\u00f3n internacional de la UMH\" \/>\n<meta name=\"robots\" content=\"index, follow, max-snippet:-1, max-image-preview:large, max-video-preview:-1\" \/>\n<link rel=\"canonical\" href=\"https:\/\/internacional.umh.es\/ca\/internacionalizacion\/aiefi-internacionalizacion-de-centros\/\" \/>\n<meta property=\"og:locale\" content=\"ca_ES\" \/>\n<meta property=\"og:type\" content=\"article\" \/>\n<meta property=\"og:title\" content=\"AIEFI-Internacionalitzaci\u00f3 de centres - Internacionalitzaci\u00f3 i Cooperaci\u00f3\" \/>\n<meta property=\"og:description\" content=\"Las ayudas para Internacionalizaci\u00f3n de escuelas, facultades, institutos de investigaci\u00f3n (AIEFI) mejora la proyecci\u00f3n internacional de la UMH\" \/>\n<meta property=\"og:url\" content=\"https:\/\/internacional.umh.es\/internacionalizacion\/aiefi-internacionalizacion-de-centros\/\" \/>\n<meta property=\"og:site_name\" content=\"Internacionalitzaci\u00f3 i Cooperaci\u00f3\" \/>\n<meta property=\"article:modified_time\" content=\"2026-03-31T12:57:43+00:00\" \/>\n<meta name=\"twitter:card\" content=\"summary_large_image\" \/>\n<meta name=\"twitter:label1\" content=\"Est. reading time\" \/>\n\t<meta name=\"twitter:data1\" content=\"1 minut\" \/>\n<script type=\"application\/ld+json\" class=\"yoast-schema-graph\">{\"@context\":\"https:\/\/schema.org\",\"@graph\":[{\"@type\":\"WebSite\",\"@id\":\"https:\/\/internacional.umh.es\/en\/#website\",\"url\":\"https:\/\/internacional.umh.es\/en\/\",\"name\":\"Internacionalitzaci\\u00f3 i Cooperaci\\u00f3\",\"description\":\"Universitat Miguel Hern\\u00e1ndez d&#039;Elx\",\"potentialAction\":[{\"@type\":\"SearchAction\",\"target\":{\"@type\":\"EntryPoint\",\"urlTemplate\":\"https:\/\/internacional.umh.es\/en\/?s={search_term_string}\"},\"query-input\":\"required name=search_term_string\"}],\"inLanguage\":\"ca\"},{\"@type\":\"WebPage\",\"@id\":\"https:\/\/internacional.umh.es\/internacionalizacion\/aiefi-internacionalizacion-de-centros\/#webpage\",\"url\":\"https:\/\/internacional.umh.es\/internacionalizacion\/aiefi-internacionalizacion-de-centros\/\",\"name\":\"AIEFI-Internacionalitzaci\\u00f3 de centres - Internacionalitzaci\\u00f3 i Cooperaci\\u00f3\",\"isPartOf\":{\"@id\":\"https:\/\/internacional.umh.es\/en\/#website\"},\"datePublished\":\"2016-03-02T09:10:09+00:00\",\"dateModified\":\"2026-03-31T12:57:43+00:00\",\"description\":\"Las ayudas para Internacionalizaci\\u00f3n de escuelas, facultades, institutos de investigaci\\u00f3n (AIEFI) mejora la proyecci\\u00f3n internacional de la UMH\",\"breadcrumb\":{\"@id\":\"https:\/\/internacional.umh.es\/internacionalizacion\/aiefi-internacionalizacion-de-centros\/#breadcrumb\"},\"inLanguage\":\"ca\",\"potentialAction\":[{\"@type\":\"ReadAction\",\"target\":[\"https:\/\/internacional.umh.es\/internacionalizacion\/aiefi-internacionalizacion-de-centros\/\"]}]},{\"@type\":\"BreadcrumbList\",\"@id\":\"https:\/\/internacional.umh.es\/internacionalizacion\/aiefi-internacionalizacion-de-centros\/#breadcrumb\",\"itemListElement\":[{\"@type\":\"ListItem\",\"position\":1,\"name\":\"Home\",\"item\":\"https:\/\/internacional.umh.es\/en\/\"},{\"@type\":\"ListItem\",\"position\":2,\"name\":\"INTERNATIONALIZATION\",\"item\":\"https:\/\/internacional.umh.es\/en\/internacionalizacion\/\"},{\"@type\":\"ListItem\",\"position\":3,\"name\":\"AIEFI-Internacionalizaci\\u00f3n de centros\"}]}]}<\/script>\n<!-- \/ Yoast SEO plugin. -->","yoast_head_json":{"description":"Las ayudas para Internacionalizaci\u00f3n de escuelas, facultades, institutos de investigaci\u00f3n (AIEFI) mejora la proyecci\u00f3n internacional de la UMH","robots":{"index":"index","follow":"follow","max-snippet":"max-snippet:-1","max-image-preview":"max-image-preview:large","max-video-preview":"max-video-preview:-1"},"canonical":"https:\/\/internacional.umh.es\/ca\/internacionalizacion\/aiefi-internacionalizacion-de-centros\/","og_locale":"ca_ES","og_type":"article","og_title":"AIEFI-Internacionalitzaci\u00f3 de centres - Internacionalitzaci\u00f3 i Cooperaci\u00f3","og_description":"Las ayudas para Internacionalizaci\u00f3n de escuelas, facultades, institutos de investigaci\u00f3n (AIEFI) mejora la proyecci\u00f3n internacional de la UMH","og_url":"https:\/\/internacional.umh.es\/internacionalizacion\/aiefi-internacionalizacion-de-centros\/","og_site_name":"Internacionalitzaci\u00f3 i Cooperaci\u00f3","article_modified_time":"2026-03-31T12:57:43+00:00","twitter_card":"summary_large_image","twitter_misc":{"Est. reading time":"1 minut"},"schema":{"@context":"https:\/\/schema.org","@graph":[{"@type":"WebSite","@id":"https:\/\/internacional.umh.es\/en\/#website","url":"https:\/\/internacional.umh.es\/en\/","name":"Internacionalitzaci\u00f3 i Cooperaci\u00f3","description":"Universitat Miguel Hern\u00e1ndez d&#039;Elx","potentialAction":[{"@type":"SearchAction","target":{"@type":"EntryPoint","urlTemplate":"https:\/\/internacional.umh.es\/en\/?s={search_term_string}"},"query-input":"required name=search_term_string"}],"inLanguage":"ca"},{"@type":"WebPage","@id":"https:\/\/internacional.umh.es\/internacionalizacion\/aiefi-internacionalizacion-de-centros\/#webpage","url":"https:\/\/internacional.umh.es\/internacionalizacion\/aiefi-internacionalizacion-de-centros\/","name":"AIEFI-Internacionalitzaci\u00f3 de centres - Internacionalitzaci\u00f3 i Cooperaci\u00f3","isPartOf":{"@id":"https:\/\/internacional.umh.es\/en\/#website"},"datePublished":"2016-03-02T09:10:09+00:00","dateModified":"2026-03-31T12:57:43+00:00","description":"Las ayudas para Internacionalizaci\u00f3n de escuelas, facultades, institutos de investigaci\u00f3n (AIEFI) mejora la proyecci\u00f3n internacional de la UMH","breadcrumb":{"@id":"https:\/\/internacional.umh.es\/internacionalizacion\/aiefi-internacionalizacion-de-centros\/#breadcrumb"},"inLanguage":"ca","potentialAction":[{"@type":"ReadAction","target":["https:\/\/internacional.umh.es\/internacionalizacion\/aiefi-internacionalizacion-de-centros\/"]}]},{"@type":"BreadcrumbList","@id":"https:\/\/internacional.umh.es\/internacionalizacion\/aiefi-internacionalizacion-de-centros\/#breadcrumb","itemListElement":[{"@type":"ListItem","position":1,"name":"Home","item":"https:\/\/internacional.umh.es\/en\/"},{"@type":"ListItem","position":2,"name":"INTERNATIONALIZATION","item":"https:\/\/internacional.umh.es\/en\/internacionalizacion\/"},{"@type":"ListItem","position":3,"name":"AIEFI-Internacionalizaci\u00f3n de centros"}]}]}},"_links":{"self":[{"href":"https:\/\/internacional.umh.es\/ca\/wp-json\/wp\/v2\/pages\/3128"}],"collection":[{"href":"https:\/\/internacional.umh.es\/ca\/wp-json\/wp\/v2\/pages"}],"about":[{"href":"https:\/\/internacional.umh.es\/ca\/wp-json\/wp\/v2\/types\/page"}],"author":[{"embeddable":true,"href":"https:\/\/internacional.umh.es\/ca\/wp-json\/wp\/v2\/users\/5216"}],"replies":[{"embeddable":true,"href":"https:\/\/internacional.umh.es\/ca\/wp-json\/wp\/v2\/comments?post=3128"}],"version-history":[{"count":0,"href":"https:\/\/internacional.umh.es\/ca\/wp-json\/wp\/v2\/pages\/3128\/revisions"}],"up":[{"embeddable":true,"href":"https:\/\/internacional.umh.es\/ca\/wp-json\/wp\/v2\/pages\/2740"}],"wp:attachment":[{"href":"https:\/\/internacional.umh.es\/ca\/wp-json\/wp\/v2\/media?parent=3128"}],"curies":[{"name":"wp","href":"https:\/\/api.w.org\/{rel}","templated":true}]}}

AIEFI-Internacionalització de centres

<p></p>
<p style="text-align: justify">L&#8217;objectiu de la <strong>Convocatòria d&#8217;Ajudes per a la Internacionalització d&#8217;escoles, facultats i instituts d&#8217;investigació (AIEFI) </strong>és contribuir a millorar la projecció internacional de la Universitat Miguel Hernández d&#8217;Elx, afavorint la planificació estratègica de la internacionalització de les activitats de formació dels centres (facultats, escoles i instituts d&#8217;investigació) de manera coordinada, a través d&#8217;accions que promoguen i incrementen:</p>
<ul style="text-align: justify">
<li>Mobilitat acadèmica de professors i estudiants i la formació del personal d&#8217;administració i serveis que permeta aconseguir alts nivells de competitivitat en el panorama internacional.</li>
<li>Atracció d&#8217;estudiants i professors estrangers cap als títols actualment impartits per la UMH.</li>
<li>Visibilitat i projecció internacional de la UMH.</li>
<li>Presència de la UMH en xarxes internacionals d&#8217;àmbit acadèmic.</li>
<li>Establiment d&#8217;una oferta acadèmica a nivell internacional.</li>
</ul>
<hr>
<h4><strong>Convocatòria 2023</strong></h4>
<p style="text-align: justify"><span style="color: #ff0000"><strong>(06/02/2023):</strong></span> El <a href="https://www.umh.es/contenido/Universidad/:uor_1798/datos_val.html" rel="noopener" target="_blank" TITLE="Ho veuràs en una nova finestra">Vicerectorat d&#8217;Internacionalització i Cooperació de la Universitat Miguel Hernández (UMH) d&#8217;Elx</a> ha publicat la convocatòria per a participar en el programa d&#8217;Ajudes <strong> per a la Internacionalització de les Escoles, Facultats i Instituts d&#8217;Investigació de la UMH (AIEFI 2023).</strong></p>
<p><strong>Pots consultar les bases de la convocatòria en el següent enllaç:</strong></p>
<ul>
<li><a title="Ho veuràs en una nova finestra" href="https://internacional.umh.es/files/2023/02/RR_00210_2023.pdf" target="_blank" rel="noopener">Convocatòria AIEFI 2023 (526Kb .pdf)</a></li>
</ul>
<p>La data límit per a entregar les vostres propostes <strong>és el 13 de febrer 2023 (inclòs).</strong></p>
<p><strong>Annexos a la convocatòria:</strong></p>
<ul>
<li><a title="Ho veuràs en una nova finestra" href="https://internacional.umh.es/files/2023/02/Convocatoria-AIEFI-2023_Anexo-II.docx" target="_blank" rel="noopener">ANNEX-II-Sol·licitud (333Kb Castellà .docx)</a></li>
<li><a title="Ho veuràs en una nova finestra" href="https://internacional.umh.es/files/2023/02/Convocatoria-AIEFI-2023_Anexo-III.docx" target="_blank" rel="noopener">ANNEX III-Memòria (332Kb Castellà .docx)</a></li>
<li><a title="Ho veuràs en una nova finestra" href="https://internacional.umh.es/files/2023/02/Convocatoria-AIEFI-2023_Anexo-IV.docx" target="_blank" rel="noopener">ANNEX IV-Informe Final (332Kb Castellà .docx)</a></li>
<li><a title="Ho veuràs en una nova finestra" href="https://internacional.umh.es/files/2023/02/Anexo-IV-a-JUSTIFICACIÓN-GASTOS-AIEFI.xlsx" target="_blank" rel="noopener">ANNEX IV- a. Justificació de despeses (28Kb Castellà .xlsx)</a></li>
<li><a title="Ho veuràs en una nova finestra" href="https://internacional.umh.es/files/2023/02/Anexo-IV-b-EJECUCION-AIEFI.xlsx" target="_blank" rel="noopener">ANNEX IV-b. Execució AIEFI (25Kb Castellà .xlxs)</a></li>
<li><a title="Ho veuràs en una nova finestra" href="https://internacional.umh.es/files/2023/02/Convocatoria-AIEFI-2023_Anexo-V.docx" target="_blank" rel="noopener">ANNEX V-Certificat d&#8217;estada (332Kb Castellà .docx)</a></li>
</ul>
<hr>
<h4><strong>Convocatòries anteriors</strong></h4>
<ul>
<li><a title="Accedeix ara a la convocatòria AEIFI 2022" href="https://internacional.umh.es/ca/internacionalizacion/aiefi-internacionalizacion-de-centros/convocatoria-aiefi-2022/"><strong>Convocatòria AIEFI 2022</strong></a></li>
<li><a title="Accedeix ara a les convocatòries anteriors AEIFI a l'any 2022" href="https://internacional.umh.es/ca/internacionalizacion/aiefi-internacionalizacion-de-centros/convocatorias-anteriores/"><strong>Convocatòries AIEFI anteriors</strong></a></li>
</ul>
<p>&nbsp;</p>

<p>L&#8217;objectiu de la Convocatòria d&#8217;Ajudes per a la Internacionalització d&#8217;escoles, facultats i instituts d&#8217;investigació (AIEFI) és contribuir a millorar la projecció internacional de la Universitat Miguel Hernández d&#8217;Elx, afavorint la planificació estratègica de la internacionalització de les activitats de formació dels centres (facultats, escoles i instituts d&#8217;investigació) de manera coordinada, a través d&#8217;accions que promoguen [&#8230;]</p>

<!-- This site is optimized with the Yoast SEO plugin v17.5 - https://yoast.com/wordpress/plugins/seo/ -->
<meta name="description" content="Las ayudas para Internacionalización de escuelas, facultades, institutos de investigación (AIEFI) mejora la proyección internacional de la UMH" />
<meta name="robots" content="index, follow, max-snippet:-1, max-image-preview:large, max-video-preview:-1" />
<link rel="canonical" href="https://internacional.umh.es/ca/internacionalizacion/aiefi-internacionalizacion-de-centros/" />
<meta property="og:locale" content="ca_ES" />
<meta property="og:type" content="article" />
<meta property="og:title" content="AIEFI-Internacionalització de centres - Internacionalització i Cooperació" />
<meta property="og:description" content="Las ayudas para Internacionalización de escuelas, facultades, institutos de investigación (AIEFI) mejora la proyección internacional de la UMH" />
<meta property="og:url" content="https://internacional.umh.es/internacionalizacion/aiefi-internacionalizacion-de-centros/" />
<meta property="og:site_name" content="Internacionalització i Cooperació" />
<meta property="article:modified_time" content="2026-03-31T12:57:43+00:00" />
<meta name="twitter:card" content="summary_large_image" />
<meta name="twitter:label1" content="Est. reading time" />
	<meta name="twitter:data1" content="1 minut" />
<script type="application/ld+json" class="yoast-schema-graph">{"@context":"https://schema.org","@graph":[{"@type":"WebSite","@id":"https://internacional.umh.es/en/#website","url":"https://internacional.umh.es/en/","name":"Internacionalitzaci\u00f3 i Cooperaci\u00f3","description":"Universitat Miguel Hern\u00e1ndez d&#039;Elx","potentialAction":[{"@type":"SearchAction","target":{"@type":"EntryPoint","urlTemplate":"https://internacional.umh.es/en/?s={search_term_string}"},"query-input":"required name=search_term_string"}],"inLanguage":"ca"},{"@type":"WebPage","@id":"https://internacional.umh.es/internacionalizacion/aiefi-internacionalizacion-de-centros/#webpage","url":"https://internacional.umh.es/internacionalizacion/aiefi-internacionalizacion-de-centros/","name":"AIEFI-Internacionalitzaci\u00f3 de centres - Internacionalitzaci\u00f3 i Cooperaci\u00f3","isPartOf":{"@id":"https://internacional.umh.es/en/#website"},"datePublished":"2016-03-02T09:10:09+00:00","dateModified":"2026-03-31T12:57:43+00:00","description":"Las ayudas para Internacionalizaci\u00f3n de escuelas, facultades, institutos de investigaci\u00f3n (AIEFI) mejora la proyecci\u00f3n internacional de la UMH","breadcrumb":{"@id":"https://internacional.umh.es/internacionalizacion/aiefi-internacionalizacion-de-centros/#breadcrumb"},"inLanguage":"ca","potentialAction":[{"@type":"ReadAction","target":["https://internacional.umh.es/internacionalizacion/aiefi-internacionalizacion-de-centros/"]}]},{"@type":"BreadcrumbList","@id":"https://internacional.umh.es/internacionalizacion/aiefi-internacionalizacion-de-centros/#breadcrumb","itemListElement":[{"@type":"ListItem","position":1,"name":"Home","item":"https://internacional.umh.es/en/"},{"@type":"ListItem","position":2,"name":"INTERNATIONALIZATION","item":"https://internacional.umh.es/en/internacionalizacion/"},{"@type":"ListItem","position":3,"name":"AIEFI-Internacionalizaci\u00f3n de centros"}]}]}</script>
<!-- / Yoast SEO plugin. -->

Las ayudas para Internacionalización de escuelas, facultades, institutos de investigación (AIEFI) mejora la proyección internacional de la UMH

AIEFI-Internacionalització de centres - Internacionalització i Cooperació

Internacionalització i Cooperació

Universitat Miguel Hernández d&#039;Elx

AIEFI-Internacionalización de centros
