{"id":31833,"date":"2023-09-18T10:40:11","date_gmt":"2023-09-18T08:40:11","guid":{"rendered":"https:\/\/internacional.umh.es\/?page_id=31833"},"modified":"2024-03-20T14:32:12","modified_gmt":"2024-03-20T13:32:12","slug":"seminario-web-mundial-erasmus-2023","status":"publish","type":"page","link":"https:\/\/internacional.umh.es\/ca\/internacionalizacion\/proyectos\/seminario-web-mundial-erasmus-2023\/","title":{"rendered":"Seminari web mundial Erasmus+ 2023"},"content":{"rendered":"<p><\/p>\n<p style=\"text-align: justify\">La Direcci\u00f3 General d&#8217;Educaci\u00f3, Joventut, Esport i Cultura (DG EAC) i l&#8217;Ag\u00e8ncia Executiva Europea d&#8217;Educaci\u00f3 i Cultura (EACEA) organitzen un <strong>seminari web mundial Erasmus+ 2023 del dimarts 17 al dijous 19 d&#8217;octubre<\/strong>. Erasmus+ \u00e9s el programa de la Uni\u00f3 Europea que dona suport a projectes i intercanvis per a l&#8217;educaci\u00f3, la formaci\u00f3 i la joventut a tot el m\u00f3n. El seminari en l\u00ednia sobre intercanvi i cooperaci\u00f3 est\u00e0 obert a organitzacions educatives i persones interessades de tot el m\u00f3n.<\/p>\n<p style=\"text-align: justify\">El Seminari web mundial Erasmus+ oferir\u00e0 tres sessions informatives, cadascuna de les quals cobrir\u00e0 temes diferents, sobre les oportunitats internacionals dels programes Erasmus+ perqu\u00e8 els participants comprenguen millor tots els aspectes i beneficis: intercanvi acad\u00e8mic d&#8217;estudiants i personal; projectes de cooperaci\u00f3 per a l&#8217;educaci\u00f3, educaci\u00f3 superior i formaci\u00f3 professional; intercanvi virtual; i mobilitat per a investigadors.<\/p>\n<p style=\"text-align: justify\">Aquest esdeveniment en l\u00ednia, dirigit a potencials sol\u00b7licitants, brindar\u00e0 tant als sol\u00b7licitants nous com als m\u00e9s experimentats l&#8217;oportunitat d&#8217;enviar preguntes per escrit al personal de la Comissi\u00f3 Europea (CE). Les sessions del mat\u00ed es repetiran a la vesprada per a atendre les diferents zones hor\u00e0ries. Cada sessi\u00f3 ser\u00e0 una presentaci\u00f3 de l&#8217;acci\u00f3, seguida d&#8217;una sessi\u00f3 de preguntes i respostes mitjan\u00e7ant el xat de Slido. El Seminari web mundial Erasmus+ es desenvolupar\u00e0 en angl\u00e9s, amb interpretaci\u00f3 al franc\u00e9s i a l&#8217;espanyol.<\/p>\n<ul>\n<h4><strong>Programa:<\/strong><\/h4>\n<li><strong>Dimarts 17 d&#8217;octubre:<\/strong> introducci\u00f3 general, mobilitat internacional de cr\u00e8dit, accions Marie Sk\u0142odowska-Curie.<\/li>\n<li><strong>Dimecres 18 d&#8217;octubre:<\/strong> Erasmus Mundus, desenvolupament de capacitats per a l&#8217;educaci\u00f3 superior, accions Jean Monnet.<\/li>\n<li><strong>Dijous 19 d&#8217;octubre:<\/strong> desenvolupament de capacitats per a l&#8217;educaci\u00f3 i formaci\u00f3 professional, intercanvi virtual Erasmus+, desenvolupament de capacitats per a joves.<\/li>\n<\/ul>\n<p>Per a m\u00e9s informaci\u00f3, incloent-hi l&#8217;enlla\u00e7 a la transmissi\u00f3 web del dia, en la p\u00e0gina de l&#8217;esdeveniment:<\/p>\n<ul>\n<li><a title=\"Ho veur\u00e0s en una nova finestra\" href=\"https:\/\/erasmus-plus.ec.europa.eu\/event\/erasmus-world-wide-webinar-2023\" target=\"_blank\" rel=\"noopener\">erasmus-plus.ec.europa.eu\/event\/erasmus-world-wide-webinar-2023<\/a><\/li>\n<\/ul>\n<p style=\"text-align: justify\">El programa definitiu es publicar\u00e0 en eixe mateix enlla\u00e7 quan s&#8217;acoste la data.<\/p>\n<p><a href=\"https:\/\/internacional.umh.es\/files\/2023\/09\/Seminario-web-mundial-Erasmus-2023.png\"><img loading=\"lazy\" class=\"alignnone size-medium wp-image-31835\" title=\"Accedeix al webinar del seminari web mundial Erasmus+ 2023 en una nova finestra\" src=\"https:\/\/internacional.umh.es\/files\/2023\/09\/Seminario-web-mundial-Erasmus-2023-300x300.png\" alt=\"Cartell Seminari web mundial Erasmus+ 2023\" width=\"300\" height=\"300\" srcset=\"https:\/\/internacional.umh.es\/files\/2023\/09\/Seminario-web-mundial-Erasmus-2023-300x300.png 300w, https:\/\/internacional.umh.es\/files\/2023\/09\/Seminario-web-mundial-Erasmus-2023-1024x1024.png 1024w, https:\/\/internacional.umh.es\/files\/2023\/09\/Seminario-web-mundial-Erasmus-2023-150x150.png 150w, https:\/\/internacional.umh.es\/files\/2023\/09\/Seminario-web-mundial-Erasmus-2023-768x768.png 768w, https:\/\/internacional.umh.es\/files\/2023\/09\/Seminario-web-mundial-Erasmus-2023.png 1080w\" sizes=\"(max-width: 300px) 100vw, 300px\" \/><\/a><\/p>","protected":false},"excerpt":{"rendered":"<p>La Direcci\u00f3 General d&#8217;Educaci\u00f3, Joventut, Esport i Cultura (DG EAC) i l&#8217;Ag\u00e8ncia Executiva Europea d&#8217;Educaci\u00f3 i Cultura (EACEA) organitzen un seminari web mundial Erasmus+ 2023 del dimarts 17 al dijous 19 d&#8217;octubre. Erasmus+ \u00e9s el programa de la Uni\u00f3 Europea que dona suport a projectes i intercanvis per a l&#8217;educaci\u00f3, la formaci\u00f3 i la joventut [&#8230;]<\/p>\n","protected":false},"author":408,"featured_media":0,"parent":5732,"menu_order":3,"comment_status":"closed","ping_status":"closed","template":"","meta":{"ngg_post_thumbnail":0,"_links_to":"","_links_to_target":""},"yoast_head":"<!-- This site is optimized with the Yoast SEO plugin v17.5 - https:\/\/yoast.com\/wordpress\/plugins\/seo\/ -->\n<meta name=\"description\" content=\"La DG EAC y la Agencia Ejecutiva Europea de Educaci\u00f3n y Cultura (EACEA) organizan un seminario web mundial Erasmus+ 2023 en un webinar\" \/>\n<meta name=\"robots\" content=\"index, follow, max-snippet:-1, max-image-preview:large, max-video-preview:-1\" \/>\n<link rel=\"canonical\" href=\"https:\/\/internacional.umh.es\/ca\/internacionalizacion\/proyectos\/seminario-web-mundial-erasmus-2023\/\" \/>\n<meta property=\"og:locale\" content=\"ca_ES\" \/>\n<meta property=\"og:type\" content=\"article\" \/>\n<meta property=\"og:title\" content=\"Seminari web mundial Erasmus+ 2023 - Internacionalitzaci\u00f3 i Cooperaci\u00f3\" \/>\n<meta property=\"og:description\" content=\"La DG EAC y la Agencia Ejecutiva Europea de Educaci\u00f3n y Cultura (EACEA) organizan un seminario web mundial Erasmus+ 2023 en un webinar\" \/>\n<meta property=\"og:url\" content=\"https:\/\/internacional.umh.es\/internacionalizacion\/proyectos\/seminario-web-mundial-erasmus-2023\/\" \/>\n<meta property=\"og:site_name\" content=\"Internacionalitzaci\u00f3 i Cooperaci\u00f3\" \/>\n<meta property=\"article:modified_time\" content=\"2024-03-20T13:32:12+00:00\" \/>\n<meta property=\"og:image\" content=\"https:\/\/internacional.umh.es\/files\/2023\/09\/Seminario-web-mundial-Erasmus-2023-300x300.png\" \/>\n<meta name=\"twitter:card\" content=\"summary_large_image\" \/>\n<meta name=\"twitter:label1\" content=\"Est. reading time\" \/>\n\t<meta name=\"twitter:data1\" content=\"2 minuts\" \/>\n<script type=\"application\/ld+json\" class=\"yoast-schema-graph\">{\"@context\":\"https:\/\/schema.org\",\"@graph\":[{\"@type\":\"WebSite\",\"@id\":\"https:\/\/internacional.umh.es\/en\/#website\",\"url\":\"https:\/\/internacional.umh.es\/en\/\",\"name\":\"Internacionalitzaci\\u00f3 i Cooperaci\\u00f3\",\"description\":\"Universitat Miguel Hern\\u00e1ndez d&#039;Elx\",\"potentialAction\":[{\"@type\":\"SearchAction\",\"target\":{\"@type\":\"EntryPoint\",\"urlTemplate\":\"https:\/\/internacional.umh.es\/en\/?s={search_term_string}\"},\"query-input\":\"required name=search_term_string\"}],\"inLanguage\":\"ca\"},{\"@type\":\"ImageObject\",\"@id\":\"https:\/\/internacional.umh.es\/internacionalizacion\/proyectos\/seminario-web-mundial-erasmus-2023\/#primaryimage\",\"inLanguage\":\"ca\",\"url\":\"https:\/\/internacional.umh.es\/files\/2023\/09\/Seminario-web-mundial-Erasmus-2023.png\",\"contentUrl\":\"https:\/\/internacional.umh.es\/files\/2023\/09\/Seminario-web-mundial-Erasmus-2023.png\",\"width\":1080,\"height\":1080,\"caption\":\"Cartel Seminario web mundial Erasmus+ 2023\"},{\"@type\":\"WebPage\",\"@id\":\"https:\/\/internacional.umh.es\/internacionalizacion\/proyectos\/seminario-web-mundial-erasmus-2023\/#webpage\",\"url\":\"https:\/\/internacional.umh.es\/internacionalizacion\/proyectos\/seminario-web-mundial-erasmus-2023\/\",\"name\":\"Seminari web mundial Erasmus+ 2023 - Internacionalitzaci\\u00f3 i Cooperaci\\u00f3\",\"isPartOf\":{\"@id\":\"https:\/\/internacional.umh.es\/en\/#website\"},\"primaryImageOfPage\":{\"@id\":\"https:\/\/internacional.umh.es\/internacionalizacion\/proyectos\/seminario-web-mundial-erasmus-2023\/#primaryimage\"},\"datePublished\":\"2023-09-18T08:40:11+00:00\",\"dateModified\":\"2024-03-20T13:32:12+00:00\",\"description\":\"La DG EAC y la Agencia Ejecutiva Europea de Educaci\\u00f3n y Cultura (EACEA) organizan un seminario web mundial Erasmus+ 2023 en un webinar\",\"breadcrumb\":{\"@id\":\"https:\/\/internacional.umh.es\/internacionalizacion\/proyectos\/seminario-web-mundial-erasmus-2023\/#breadcrumb\"},\"inLanguage\":\"ca\",\"potentialAction\":[{\"@type\":\"ReadAction\",\"target\":[\"https:\/\/internacional.umh.es\/internacionalizacion\/proyectos\/seminario-web-mundial-erasmus-2023\/\"]}]},{\"@type\":\"BreadcrumbList\",\"@id\":\"https:\/\/internacional.umh.es\/internacionalizacion\/proyectos\/seminario-web-mundial-erasmus-2023\/#breadcrumb\",\"itemListElement\":[{\"@type\":\"ListItem\",\"position\":1,\"name\":\"Home\",\"item\":\"https:\/\/internacional.umh.es\/en\/\"},{\"@type\":\"ListItem\",\"position\":2,\"name\":\"INTERNATIONALIZATION\",\"item\":\"https:\/\/internacional.umh.es\/en\/internacionalizacion\/\"},{\"@type\":\"ListItem\",\"position\":3,\"name\":\"Proyectos\",\"item\":\"https:\/\/internacional.umh.es\/internacionalizacion\/proyectos\/\"},{\"@type\":\"ListItem\",\"position\":4,\"name\":\"2023 Erasmus+ Global Web Seminar\"}]}]}<\/script>\n<!-- \/ Yoast SEO plugin. -->","yoast_head_json":{"description":"La DG EAC y la Agencia Ejecutiva Europea de Educaci\u00f3n y Cultura (EACEA) organizan un seminario web mundial Erasmus+ 2023 en un webinar","robots":{"index":"index","follow":"follow","max-snippet":"max-snippet:-1","max-image-preview":"max-image-preview:large","max-video-preview":"max-video-preview:-1"},"canonical":"https:\/\/internacional.umh.es\/ca\/internacionalizacion\/proyectos\/seminario-web-mundial-erasmus-2023\/","og_locale":"ca_ES","og_type":"article","og_title":"Seminari web mundial Erasmus+ 2023 - Internacionalitzaci\u00f3 i Cooperaci\u00f3","og_description":"La DG EAC y la Agencia Ejecutiva Europea de Educaci\u00f3n y Cultura (EACEA) organizan un seminario web mundial Erasmus+ 2023 en un webinar","og_url":"https:\/\/internacional.umh.es\/internacionalizacion\/proyectos\/seminario-web-mundial-erasmus-2023\/","og_site_name":"Internacionalitzaci\u00f3 i Cooperaci\u00f3","article_modified_time":"2024-03-20T13:32:12+00:00","og_image":[{"url":"https:\/\/internacional.umh.es\/files\/2023\/09\/Seminario-web-mundial-Erasmus-2023-300x300.png"}],"twitter_card":"summary_large_image","twitter_misc":{"Est. reading time":"2 minuts"},"schema":{"@context":"https:\/\/schema.org","@graph":[{"@type":"WebSite","@id":"https:\/\/internacional.umh.es\/en\/#website","url":"https:\/\/internacional.umh.es\/en\/","name":"Internacionalitzaci\u00f3 i Cooperaci\u00f3","description":"Universitat Miguel Hern\u00e1ndez d&#039;Elx","potentialAction":[{"@type":"SearchAction","target":{"@type":"EntryPoint","urlTemplate":"https:\/\/internacional.umh.es\/en\/?s={search_term_string}"},"query-input":"required name=search_term_string"}],"inLanguage":"ca"},{"@type":"ImageObject","@id":"https:\/\/internacional.umh.es\/internacionalizacion\/proyectos\/seminario-web-mundial-erasmus-2023\/#primaryimage","inLanguage":"ca","url":"https:\/\/internacional.umh.es\/files\/2023\/09\/Seminario-web-mundial-Erasmus-2023.png","contentUrl":"https:\/\/internacional.umh.es\/files\/2023\/09\/Seminario-web-mundial-Erasmus-2023.png","width":1080,"height":1080,"caption":"Cartel Seminario web mundial Erasmus+ 2023"},{"@type":"WebPage","@id":"https:\/\/internacional.umh.es\/internacionalizacion\/proyectos\/seminario-web-mundial-erasmus-2023\/#webpage","url":"https:\/\/internacional.umh.es\/internacionalizacion\/proyectos\/seminario-web-mundial-erasmus-2023\/","name":"Seminari web mundial Erasmus+ 2023 - Internacionalitzaci\u00f3 i Cooperaci\u00f3","isPartOf":{"@id":"https:\/\/internacional.umh.es\/en\/#website"},"primaryImageOfPage":{"@id":"https:\/\/internacional.umh.es\/internacionalizacion\/proyectos\/seminario-web-mundial-erasmus-2023\/#primaryimage"},"datePublished":"2023-09-18T08:40:11+00:00","dateModified":"2024-03-20T13:32:12+00:00","description":"La DG EAC y la Agencia Ejecutiva Europea de Educaci\u00f3n y Cultura (EACEA) organizan un seminario web mundial Erasmus+ 2023 en un webinar","breadcrumb":{"@id":"https:\/\/internacional.umh.es\/internacionalizacion\/proyectos\/seminario-web-mundial-erasmus-2023\/#breadcrumb"},"inLanguage":"ca","potentialAction":[{"@type":"ReadAction","target":["https:\/\/internacional.umh.es\/internacionalizacion\/proyectos\/seminario-web-mundial-erasmus-2023\/"]}]},{"@type":"BreadcrumbList","@id":"https:\/\/internacional.umh.es\/internacionalizacion\/proyectos\/seminario-web-mundial-erasmus-2023\/#breadcrumb","itemListElement":[{"@type":"ListItem","position":1,"name":"Home","item":"https:\/\/internacional.umh.es\/en\/"},{"@type":"ListItem","position":2,"name":"INTERNATIONALIZATION","item":"https:\/\/internacional.umh.es\/en\/internacionalizacion\/"},{"@type":"ListItem","position":3,"name":"Proyectos","item":"https:\/\/internacional.umh.es\/internacionalizacion\/proyectos\/"},{"@type":"ListItem","position":4,"name":"2023 Erasmus+ Global Web Seminar"}]}]}},"_links":{"self":[{"href":"https:\/\/internacional.umh.es\/ca\/wp-json\/wp\/v2\/pages\/31833"}],"collection":[{"href":"https:\/\/internacional.umh.es\/ca\/wp-json\/wp\/v2\/pages"}],"about":[{"href":"https:\/\/internacional.umh.es\/ca\/wp-json\/wp\/v2\/types\/page"}],"author":[{"embeddable":true,"href":"https:\/\/internacional.umh.es\/ca\/wp-json\/wp\/v2\/users\/408"}],"replies":[{"embeddable":true,"href":"https:\/\/internacional.umh.es\/ca\/wp-json\/wp\/v2\/comments?post=31833"}],"version-history":[{"count":0,"href":"https:\/\/internacional.umh.es\/ca\/wp-json\/wp\/v2\/pages\/31833\/revisions"}],"up":[{"embeddable":true,"href":"https:\/\/internacional.umh.es\/ca\/wp-json\/wp\/v2\/pages\/5732"}],"wp:attachment":[{"href":"https:\/\/internacional.umh.es\/ca\/wp-json\/wp\/v2\/media?parent=31833"}],"curies":[{"name":"wp","href":"https:\/\/api.w.org\/{rel}","templated":true}]}}

<p></p>
<p style="text-align: justify">La Direcció General d&#8217;Educació, Joventut, Esport i Cultura (DG EAC) i l&#8217;Agència Executiva Europea d&#8217;Educació i Cultura (EACEA) organitzen un <strong>seminari web mundial Erasmus+ 2023 del dimarts 17 al dijous 19 d&#8217;octubre</strong>. Erasmus+ és el programa de la Unió Europea que dona suport a projectes i intercanvis per a l&#8217;educació, la formació i la joventut a tot el món. El seminari en línia sobre intercanvi i cooperació està obert a organitzacions educatives i persones interessades de tot el món.</p>
<p style="text-align: justify">El Seminari web mundial Erasmus+ oferirà tres sessions informatives, cadascuna de les quals cobrirà temes diferents, sobre les oportunitats internacionals dels programes Erasmus+ perquè els participants comprenguen millor tots els aspectes i beneficis: intercanvi acadèmic d&#8217;estudiants i personal; projectes de cooperació per a l&#8217;educació, educació superior i formació professional; intercanvi virtual; i mobilitat per a investigadors.</p>
<p style="text-align: justify">Aquest esdeveniment en línia, dirigit a potencials sol·licitants, brindarà tant als sol·licitants nous com als més experimentats l&#8217;oportunitat d&#8217;enviar preguntes per escrit al personal de la Comissió Europea (CE). Les sessions del matí es repetiran a la vesprada per a atendre les diferents zones horàries. Cada sessió serà una presentació de l&#8217;acció, seguida d&#8217;una sessió de preguntes i respostes mitjançant el xat de Slido. El Seminari web mundial Erasmus+ es desenvoluparà en anglés, amb interpretació al francés i a l&#8217;espanyol.</p>
<ul>
<h4><strong>Programa:</strong></h4>
<li><strong>Dimarts 17 d&#8217;octubre:</strong> introducció general, mobilitat internacional de crèdit, accions Marie Skłodowska-Curie.</li>
<li><strong>Dimecres 18 d&#8217;octubre:</strong> Erasmus Mundus, desenvolupament de capacitats per a l&#8217;educació superior, accions Jean Monnet.</li>
<li><strong>Dijous 19 d&#8217;octubre:</strong> desenvolupament de capacitats per a l&#8217;educació i formació professional, intercanvi virtual Erasmus+, desenvolupament de capacitats per a joves.</li>
</ul>
<p>Per a més informació, incloent-hi l&#8217;enllaç a la transmissió web del dia, en la pàgina de l&#8217;esdeveniment:</p>
<ul>
<li><a title="Ho veuràs en una nova finestra" href="https://erasmus-plus.ec.europa.eu/event/erasmus-world-wide-webinar-2023" target="_blank" rel="noopener">erasmus-plus.ec.europa.eu/event/erasmus-world-wide-webinar-2023</a></li>
</ul>
<p style="text-align: justify">El programa definitiu es publicarà en eixe mateix enllaç quan s&#8217;acoste la data.</p>
<p><a href="https://internacional.umh.es/files/2023/09/Seminario-web-mundial-Erasmus-2023.png"><img loading="lazy" class="alignnone size-medium wp-image-31835" title="Accedeix al webinar del seminari web mundial Erasmus+ 2023 en una nova finestra" src="https://internacional.umh.es/files/2023/09/Seminario-web-mundial-Erasmus-2023-300x300.png" alt="Cartell Seminari web mundial Erasmus+ 2023" width="300" height="300" srcset="https://internacional.umh.es/files/2023/09/Seminario-web-mundial-Erasmus-2023-300x300.png 300w, https://internacional.umh.es/files/2023/09/Seminario-web-mundial-Erasmus-2023-1024x1024.png 1024w, https://internacional.umh.es/files/2023/09/Seminario-web-mundial-Erasmus-2023-150x150.png 150w, https://internacional.umh.es/files/2023/09/Seminario-web-mundial-Erasmus-2023-768x768.png 768w, https://internacional.umh.es/files/2023/09/Seminario-web-mundial-Erasmus-2023.png 1080w" sizes="(max-width: 300px) 100vw, 300px" /></a></p>

<p>La Direcció General d&#8217;Educació, Joventut, Esport i Cultura (DG EAC) i l&#8217;Agència Executiva Europea d&#8217;Educació i Cultura (EACEA) organitzen un seminari web mundial Erasmus+ 2023 del dimarts 17 al dijous 19 d&#8217;octubre. Erasmus+ és el programa de la Unió Europea que dona suport a projectes i intercanvis per a l&#8217;educació, la formació i la joventut [&#8230;]</p>

<!-- This site is optimized with the Yoast SEO plugin v17.5 - https://yoast.com/wordpress/plugins/seo/ -->
<meta name="description" content="La DG EAC y la Agencia Ejecutiva Europea de Educación y Cultura (EACEA) organizan un seminario web mundial Erasmus+ 2023 en un webinar" />
<meta name="robots" content="index, follow, max-snippet:-1, max-image-preview:large, max-video-preview:-1" />
<link rel="canonical" href="https://internacional.umh.es/ca/internacionalizacion/proyectos/seminario-web-mundial-erasmus-2023/" />
<meta property="og:locale" content="ca_ES" />
<meta property="og:type" content="article" />
<meta property="og:title" content="Seminari web mundial Erasmus+ 2023 - Internacionalització i Cooperació" />
<meta property="og:description" content="La DG EAC y la Agencia Ejecutiva Europea de Educación y Cultura (EACEA) organizan un seminario web mundial Erasmus+ 2023 en un webinar" />
<meta property="og:url" content="https://internacional.umh.es/internacionalizacion/proyectos/seminario-web-mundial-erasmus-2023/" />
<meta property="og:site_name" content="Internacionalització i Cooperació" />
<meta property="article:modified_time" content="2024-03-20T13:32:12+00:00" />
<meta property="og:image" content="https://internacional.umh.es/files/2023/09/Seminario-web-mundial-Erasmus-2023-300x300.png" />
<meta name="twitter:card" content="summary_large_image" />
<meta name="twitter:label1" content="Est. reading time" />
	<meta name="twitter:data1" content="2 minuts" />
<script type="application/ld+json" class="yoast-schema-graph">{"@context":"https://schema.org","@graph":[{"@type":"WebSite","@id":"https://internacional.umh.es/en/#website","url":"https://internacional.umh.es/en/","name":"Internacionalitzaci\u00f3 i Cooperaci\u00f3","description":"Universitat Miguel Hern\u00e1ndez d&#039;Elx","potentialAction":[{"@type":"SearchAction","target":{"@type":"EntryPoint","urlTemplate":"https://internacional.umh.es/en/?s={search_term_string}"},"query-input":"required name=search_term_string"}],"inLanguage":"ca"},{"@type":"ImageObject","@id":"https://internacional.umh.es/internacionalizacion/proyectos/seminario-web-mundial-erasmus-2023/#primaryimage","inLanguage":"ca","url":"https://internacional.umh.es/files/2023/09/Seminario-web-mundial-Erasmus-2023.png","contentUrl":"https://internacional.umh.es/files/2023/09/Seminario-web-mundial-Erasmus-2023.png","width":1080,"height":1080,"caption":"Cartel Seminario web mundial Erasmus+ 2023"},{"@type":"WebPage","@id":"https://internacional.umh.es/internacionalizacion/proyectos/seminario-web-mundial-erasmus-2023/#webpage","url":"https://internacional.umh.es/internacionalizacion/proyectos/seminario-web-mundial-erasmus-2023/","name":"Seminari web mundial Erasmus+ 2023 - Internacionalitzaci\u00f3 i Cooperaci\u00f3","isPartOf":{"@id":"https://internacional.umh.es/en/#website"},"primaryImageOfPage":{"@id":"https://internacional.umh.es/internacionalizacion/proyectos/seminario-web-mundial-erasmus-2023/#primaryimage"},"datePublished":"2023-09-18T08:40:11+00:00","dateModified":"2024-03-20T13:32:12+00:00","description":"La DG EAC y la Agencia Ejecutiva Europea de Educaci\u00f3n y Cultura (EACEA) organizan un seminario web mundial Erasmus+ 2023 en un webinar","breadcrumb":{"@id":"https://internacional.umh.es/internacionalizacion/proyectos/seminario-web-mundial-erasmus-2023/#breadcrumb"},"inLanguage":"ca","potentialAction":[{"@type":"ReadAction","target":["https://internacional.umh.es/internacionalizacion/proyectos/seminario-web-mundial-erasmus-2023/"]}]},{"@type":"BreadcrumbList","@id":"https://internacional.umh.es/internacionalizacion/proyectos/seminario-web-mundial-erasmus-2023/#breadcrumb","itemListElement":[{"@type":"ListItem","position":1,"name":"Home","item":"https://internacional.umh.es/en/"},{"@type":"ListItem","position":2,"name":"INTERNATIONALIZATION","item":"https://internacional.umh.es/en/internacionalizacion/"},{"@type":"ListItem","position":3,"name":"Proyectos","item":"https://internacional.umh.es/internacionalizacion/proyectos/"},{"@type":"ListItem","position":4,"name":"2023 Erasmus+ Global Web Seminar"}]}]}</script>
<!-- / Yoast SEO plugin. -->

La DG EAC y la Agencia Ejecutiva Europea de Educación y Cultura (EACEA) organizan un seminario web mundial Erasmus+ 2023 en un webinar

Seminari web mundial Erasmus+ 2023 - Internacionalització i Cooperació

Internacionalització i Cooperació

Universitat Miguel Hernández d&#039;Elx
